ctor of 1326990 and 8722.
1246
Calculate the greatest common factor of 10059486 and 6416.
802
What is the greatest common divisor of 82784 and 320?
32
Calculate the highest common divisor of 1982 and 874860746.
1982
What is the greatest common factor of 8848329 and 84?
21
What is the highest common factor of 2640 and 91854840?
1320
Calculate the highest common factor of 5066559 and 16.
1
Calculate the greatest common divisor of 109714 and 1276.
22
What is the greatest common factor of 9946041 and 1193?
1193
What is the highest common factor of 219465111 and 2229?
2229
Calculate the greatest common divisor of 55026 and 1194268.
2038
What is the greatest common factor of 49708 and 4475182?
1462
What is the greatest common factor of 2617420 and 5980?
260
What is the greatest common factor of 3222597 and 147?
21
Calculate the greatest common divisor of 25 and 116834500.
25
Calculate the greatest common divisor of 435411426 and 402.
402
Calculate the greatest common factor of 15385686 and 5024.
314
Calculate the greatest common divisor of 1598 and 124550.
94
What is the greatest common divisor of 3182934 and 423?
141
What is the highest common divisor of 747786825 and 90?
45
What is the highest common divisor of 18 and 9314847?
9
Calculate the highest common factor of 5 and 3673010.
5
What is the greatest common divisor of 2557239 and 4121?
317
Calculate the highest common divisor of 6237 and 94175298.
567
What is the greatest common divisor of 159 and 7226815?
53
What is the highest common divisor of 22478932 and 68416?
4276
What is the highest common divisor of 616336 and 560?
112
What is the highest common factor of 2 and 6633646?
2
What is the greatest common divisor of 875136 and 360512?
2752
What is the highest common factor of 611 and 176189?
13
Calculate the greatest common factor of 45140 and 1434860.
740
Calculate the greatest common factor of 77769757 and 559.
559
Calculate the highest common divisor of 1869371426 and 5954.
5954
Calculate the highest common factor of 323160 and 223980.
60
Calculate the highest common factor of 4002 and 64322.
58
What is the highest common factor of 59969 and 24352027?
4613
What is the greatest common divisor of 133454 and 4558?
106
What is the highest common divisor of 1051433256 and 5064?
5064
Calculate the highest common divisor of 225774 and 28638.
666
What is the greatest common divisor of 108337 and 262?
131
What is the highest common factor of 9550 and 2297?
1
What is the highest common factor of 120404 and 922450?
1942
Calculate the highest common factor of 104 and 12120440.
8
What is the highest common divisor of 218835755 and 70120?
8765
Calculate the greatest common divisor of 32634250 and 17125.
125
What is the highest common factor of 14141 and 7989307?
179
Calculate the greatest common divisor of 453717800 and 400.
200
Calculate the highest common factor of 786 and 22983033.
393
Calculate the greatest common factor of 567646491 and 639.
213
Calculate the highest common factor of 35619 and 1632.
3
What is the greatest common divisor of 948 and 1438590?
474
Calculate the greatest common divisor of 24281776 and 16.
16
What is the highest common divisor of 218706 and 8832?
6
Calculate the highest common factor of 11130 and 280.
70
What is the greatest common factor of 327328 and 3844832?
1696
Calculate the highest common factor of 720 and 8054145.
45
What is the highest common divisor of 9952 and 2384?
16
Calculate the highest common divisor of 246 and 811961622.
246
What is the highest common divisor of 67806633 and 1418?
709
What is the greatest common divisor of 84238 and 3262?
14
Calculate the greatest common divisor of 284920 and 1904.
136
What is the highest common divisor of 280 and 3775600?
40
What is the greatest common factor of 1836 and 862776?
36
What is the highest common factor of 150043 and 403807?
1007
What is the greatest common factor of 4762 and 63396506?
4762
What is the highest common factor of 8695 and 251785?
185
What is the greatest common divisor of 6345079 and 598?
299
What is the highest common divisor of 1780 and 420159210?
890
What is the greatest common divisor of 1036542012 and 638?
638
Calculate the greatest common divisor of 3833338 and 11189.
67
Calculate the highest common divisor of 773404 and 45888.
956
Calculate the greatest common factor of 326 and 11469169.
163
Calculate the greatest common factor of 12510 and 285930.
90
What is the greatest common factor of 13831307 and 14?
7
What is the highest common divisor of 19795763 and 52?
13
What is the highest common factor of 4767 and 9880175?
227
Calculate the highest common factor of 45574146 and 548.
274
Calculate the highest common divisor of 4072541 and 1771.
253
Calculate the highest common divisor of 350016 and 1088.
64
Calculate the greatest common factor of 4386555 and 4455.
405
What is the highest common factor of 31654 and 7961779?
133
Calculate the highest common factor of 8019 and 3989898.
891
What is the greatest common factor of 2626 and 23192?
26
What is the greatest common divisor of 65 and 41395?
5
Calculate the highest common factor of 12096 and 17892288.
576
Calculate the highest common divisor of 8494 and 32891.
31
Calculate the highest common divisor of 30420 and 3112380.
180
What is the highest common divisor of 87522 and 2634714?
3018
What is the highest common factor of 2152029 and 528?
33
Calculate the highest common factor of 116 and 299237051.
29
Calculate the greatest common divisor of 235449690 and 210.
210
Calculate the highest common divisor of 148950 and 60.
30
What is the highest common factor of 8374149 and 31059?
1071
Calculate the highest common factor of 6261698 and 158.
158
Calculate the greatest common divisor of 175 and 533041600.
175
What is the highest common divisor of 2052988 and 73066?
238
What is the greatest common divisor of 352 and 106796206?
22
What is the highest common factor of 5270 and 5492394?
1054
What is the greatest common factor of 21 and 53784304?
7
Calculate the highest common factor of 33476844 and 6.
6
What is the highest common divisor of 522150 and 53073450?
8850
What is the highest common factor of 86352 and 206780658?
10794
Calculate the greatest common factor of 128169 and 202.
101
What is the greatest common factor of 105472 and 283648?
1024
Calculate the greatest common divisor of 15507 and 56223.
9
What is the highest common factor of 1343696 and 816?
16
What is the highest common factor of 17306078 and 716?
358
Calculate the highest common factor of 71126 and 4305136.
1342
Calculate the greatest common factor of 6440 and 132875232.
1288
Calculate the greatest common divisor of 244027 and 1633.
71
Calculate the greatest common factor of 548540 and 585.
5
Calculate the highest common divisor of 4996 and 4565999276.
4996
What is the greatest common divisor of 6580 and 8272?
188
What is the highest common factor of 22282778 and 434?
14
Calculate the highest common factor of 22018 and 395343.
109
What is the highest common factor of 44604651 and 1989?
663
What is the highest common factor of 180462 and 107730?
114
Calculate the highest common divisor of 9180 and 16032.
12
Calculate the highest common factor of 4 and 8461372.
4
Calculate the greatest common factor of 585189672 and 24.
24
Calculate the highest common divisor of 3766 and 350354746.
3766
What is the greatest common divisor of 16382193 and 13149?
1461
What is the greatest common factor of 32 and 3350088?
8
Calculate the highest common factor of 108 and 4855176.
36
What is the greatest common divisor of 63877464 and 441?
63
Calculate the greatest common divisor of 22 and 1128746.
2
What is the greatest common factor of 12072 and 21928?
8
What is the greatest common divisor of 7087789 and 146?
73
Calculate the greatest common factor of 2159996 and 3492.
388
What is the highest common divisor of 240 and 164270544?
48
Calculate the highest common divisor of 1220195 and 73000.
365
Calculate the greatest common factor of 2388432 and 20400.
816
Calculate the highest common divisor of 1068 and 2127732.
12
Calculate the highest common factor of 134724960 and 1728.
288
Calculate the highest common factor of 609737 and 5560077.
6037
What is the highest common factor of 240 and 1871380?
20
